{"id":97,"date":"2016-10-06T16:46:20","date_gmt":"2016-10-06T15:46:20","guid":{"rendered":"http:\/\/www.shclechelles.ch\/test-wordpress\/?page_id=97"},"modified":"2023-03-06T17:15:44","modified_gmt":"2023-03-06T16:15:44","slug":"contactez-nous","status":"publish","type":"page","link":"https:\/\/www.shclechelles.ch\/v3\/index.php\/sample-page\/le-club\/contactez-nous\/","title":{"rendered":"Contactez-nous"},"content":{"rendered":"\n<p>Veuillez nous \u00e9crire par e-mail \u00e0 comite@shclechelles.ch.<\/p>\n","protected":false},"excerpt":{"rendered":"<p>Veuillez nous \u00e9crire par e-mail \u00e0 comite@shclechelles.ch.<\/p>\n","protected":false},"author":2,"featured_media":0,"parent":47,"menu_order":0,"comment_status":"closed","ping_status":"closed","template":"","meta":{"jetpack_post_was_ever_published":false,"footnotes":""},"class_list":["post-97","page","type-page","status-publish","hentry"],"yoast_head":"<!-- This site is optimized with the Yoast SEO plugin v26.1.1 - https:\/\/yoast.com\/wordpress\/plugins\/seo\/ -->\n<title>Contactez-nous - SHC L\u00e9chelles Coyotes<\/title>\n<meta name=\"robots\" content=\"index, follow, max-snippet:-1, max-image-preview:large, max-video-preview:-1\" \/>\n<link rel=\"canonical\" href=\"https:\/\/www.shclechelles.ch\/v3\/index.php\/sample-page\/le-club\/contactez-nous\/\" \/>\n<meta property=\"og:locale\" content=\"fr_FR\" \/>\n<meta property=\"og:type\" content=\"article\" \/>\n<meta property=\"og:title\" content=\"Contactez-nous - SHC L\u00e9chelles Coyotes\" \/>\n<meta property=\"og:description\" content=\"Veuillez nous \u00e9crire par e-mail \u00e0 comite@shclechelles.ch.\" \/>\n<meta property=\"og:url\" content=\"https:\/\/www.shclechelles.ch\/v3\/index.php\/sample-page\/le-club\/contactez-nous\/\" \/>\n<meta property=\"og:site_name\" content=\"SHC L\u00e9chelles Coyotes\" \/>\n<meta property=\"article:modified_time\" content=\"2023-03-06T16:15:44+00:00\" \/>\n<meta name=\"twitter:card\" content=\"summary_large_image\" \/>\n<meta name=\"twitter:label1\" content=\"Dur\u00e9e de lecture estim\u00e9e\" \/>\n\t<meta name=\"twitter:data1\" content=\"1 minute\" \/>\n<script type=\"application\/ld+json\" class=\"yoast-schema-graph\">{\"@context\":\"https:\/\/schema.org\",\"@graph\":[{\"@type\":\"WebPage\",\"@id\":\"https:\/\/www.shclechelles.ch\/v3\/index.php\/sample-page\/le-club\/contactez-nous\/\",\"url\":\"https:\/\/www.shclechelles.ch\/v3\/index.php\/sample-page\/le-club\/contactez-nous\/\",\"name\":\"Contactez-nous - SHC L\u00e9chelles Coyotes\",\"isPartOf\":{\"@id\":\"https:\/\/www.shclechelles.ch\/v3\/#website\"},\"datePublished\":\"2016-10-06T15:46:20+00:00\",\"dateModified\":\"2023-03-06T16:15:44+00:00\",\"breadcrumb\":{\"@id\":\"https:\/\/www.shclechelles.ch\/v3\/index.php\/sample-page\/le-club\/contactez-nous\/#breadcrumb\"},\"inLanguage\":\"fr-FR\",\"potentialAction\":[{\"@type\":\"ReadAction\",\"target\":[\"https:\/\/www.shclechelles.ch\/v3\/index.php\/sample-page\/le-club\/contactez-nous\/\"]}]},{\"@type\":\"BreadcrumbList\",\"@id\":\"https:\/\/www.shclechelles.ch\/v3\/index.php\/sample-page\/le-club\/contactez-nous\/#breadcrumb\",\"itemListElement\":[{\"@type\":\"ListItem\",\"position\":1,\"name\":\"Home\",\"item\":\"http:\/\/www.shclechelles.ch\/v3\/\"},{\"@type\":\"ListItem\",\"position\":2,\"name\":\"News\",\"item\":\"http:\/\/www.shclechelles.ch\/v3\/\"},{\"@type\":\"ListItem\",\"position\":3,\"name\":\"Le Club\",\"item\":\"http:\/\/www.shclechelles.ch\/v3\/index.php\/sample-page\/le-club\/\"},{\"@type\":\"ListItem\",\"position\":4,\"name\":\"Contactez-nous\"}]},{\"@type\":\"WebSite\",\"@id\":\"https:\/\/www.shclechelles.ch\/v3\/#website\",\"url\":\"https:\/\/www.shclechelles.ch\/v3\/\",\"name\":\"SHC L\u00e9chelles Coyotes\",\"description\":\"SHC L\u00e9chelles Coyotes Inline Skater Hockey\",\"potentialAction\":[{\"@type\":\"SearchAction\",\"target\":{\"@type\":\"EntryPoint\",\"urlTemplate\":\"https:\/\/www.shclechelles.ch\/v3\/?s={search_term_string}\"},\"query-input\":{\"@type\":\"PropertyValueSpecification\",\"valueRequired\":true,\"valueName\":\"search_term_string\"}}],\"inLanguage\":\"fr-FR\"}]}<\/script>\n<!-- \/ Yoast SEO plugin. -->","yoast_head_json":{"title":"Contactez-nous - SHC L\u00e9chelles Coyotes","robots":{"index":"index","follow":"follow","max-snippet":"max-snippet:-1","max-image-preview":"max-image-preview:large","max-video-preview":"max-video-preview:-1"},"canonical":"https:\/\/www.shclechelles.ch\/v3\/index.php\/sample-page\/le-club\/contactez-nous\/","og_locale":"fr_FR","og_type":"article","og_title":"Contactez-nous - SHC L\u00e9chelles Coyotes","og_description":"Veuillez nous \u00e9crire par e-mail \u00e0 comite@shclechelles.ch.","og_url":"https:\/\/www.shclechelles.ch\/v3\/index.php\/sample-page\/le-club\/contactez-nous\/","og_site_name":"SHC L\u00e9chelles Coyotes","article_modified_time":"2023-03-06T16:15:44+00:00","twitter_card":"summary_large_image","twitter_misc":{"Dur\u00e9e de lecture estim\u00e9e":"1 minute"},"schema":{"@context":"https:\/\/schema.org","@graph":[{"@type":"WebPage","@id":"https:\/\/www.shclechelles.ch\/v3\/index.php\/sample-page\/le-club\/contactez-nous\/","url":"https:\/\/www.shclechelles.ch\/v3\/index.php\/sample-page\/le-club\/contactez-nous\/","name":"Contactez-nous - SHC L\u00e9chelles Coyotes","isPartOf":{"@id":"https:\/\/www.shclechelles.ch\/v3\/#website"},"datePublished":"2016-10-06T15:46:20+00:00","dateModified":"2023-03-06T16:15:44+00:00","breadcrumb":{"@id":"https:\/\/www.shclechelles.ch\/v3\/index.php\/sample-page\/le-club\/contactez-nous\/#breadcrumb"},"inLanguage":"fr-FR","potentialAction":[{"@type":"ReadAction","target":["https:\/\/www.shclechelles.ch\/v3\/index.php\/sample-page\/le-club\/contactez-nous\/"]}]},{"@type":"BreadcrumbList","@id":"https:\/\/www.shclechelles.ch\/v3\/index.php\/sample-page\/le-club\/contactez-nous\/#breadcrumb","itemListElement":[{"@type":"ListItem","position":1,"name":"Home","item":"http:\/\/www.shclechelles.ch\/v3\/"},{"@type":"ListItem","position":2,"name":"News","item":"http:\/\/www.shclechelles.ch\/v3\/"},{"@type":"ListItem","position":3,"name":"Le Club","item":"http:\/\/www.shclechelles.ch\/v3\/index.php\/sample-page\/le-club\/"},{"@type":"ListItem","position":4,"name":"Contactez-nous"}]},{"@type":"WebSite","@id":"https:\/\/www.shclechelles.ch\/v3\/#website","url":"https:\/\/www.shclechelles.ch\/v3\/","name":"SHC L\u00e9chelles Coyotes","description":"SHC L\u00e9chelles Coyotes Inline Skater Hockey","potentialAction":[{"@type":"SearchAction","target":{"@type":"EntryPoint","urlTemplate":"https:\/\/www.shclechelles.ch\/v3\/?s={search_term_string}"},"query-input":{"@type":"PropertyValueSpecification","valueRequired":true,"valueName":"search_term_string"}}],"inLanguage":"fr-FR"}]}},"jetpack_sharing_enabled":true,"jetpack_shortlink":"https:\/\/wp.me\/P7Yxqr-1z","_links":{"self":[{"href":"https:\/\/www.shclechelles.ch\/v3\/index.php\/wp-json\/wp\/v2\/pages\/97","targetHints":{"allow":["GET"]}}],"collection":[{"href":"https:\/\/www.shclechelles.ch\/v3\/index.php\/wp-json\/wp\/v2\/pages"}],"about":[{"href":"https:\/\/www.shclechelles.ch\/v3\/index.php\/wp-json\/wp\/v2\/types\/page"}],"author":[{"embeddable":true,"href":"https:\/\/www.shclechelles.ch\/v3\/index.php\/wp-json\/wp\/v2\/users\/2"}],"replies":[{"embeddable":true,"href":"https:\/\/www.shclechelles.ch\/v3\/index.php\/wp-json\/wp\/v2\/comments?post=97"}],"version-history":[{"count":5,"href":"https:\/\/www.shclechelles.ch\/v3\/index.php\/wp-json\/wp\/v2\/pages\/97\/revisions"}],"predecessor-version":[{"id":1907,"href":"https:\/\/www.shclechelles.ch\/v3\/index.php\/wp-json\/wp\/v2\/pages\/97\/revisions\/1907"}],"up":[{"embeddable":true,"href":"https:\/\/www.shclechelles.ch\/v3\/index.php\/wp-json\/wp\/v2\/pages\/47"}],"wp:attachment":[{"href":"https:\/\/www.shclechelles.ch\/v3\/index.php\/wp-json\/wp\/v2\/media?parent=97"}],"curies":[{"name":"wp","href":"https:\/\/api.w.org\/{rel}","templated":true}]}}